e the second derivative of -u**4/12 + u**3/6 - u**2/2 + 7*u. Determine y(0).
-1
Let d(x) = -x - 6. Let r(c) = -2*c - 7. Let j(g) = 5*g**3 - g. Let k be j(-1). Let p(m) = k*d(m) + 3*r(m). Let o(a) = -a**2 - a + 5. Let n be o(0). Give p(n).
-7
Let h = -213/2 - -109. Let p(b) be the first derivative of 5*b + 1 - h*b**2 + 1/3*b**3. Calculate p(4).
1
Let o be -1*1/(-1) + -1. Let w(x) = 15 - x + 16*x**2 - 30*x**2 + 13*x**2. Determine w(o).
15
Let b be (-8)/(-48) - 123/(-18). Let j(o) = -o**3 + 6*o**2 + 7*o + 3. Calculate j(b).
3
Suppose i = -i - 30. Let n = i - -3. Let x be 3/(3*3/n). Let q(z) = 2*z + 4. Calculate q(x).
-4
Let g(r) = -4*r - 2. Let l be -4 - (1 - 3 - -17). Let y = l - -17. Calculate g(y).
6
Let d = 36 - 39. Let x(j) = 3*j + 5. Let m(t) = -8*t - 14. Let g(v) = -4*m(v) - 11*x(v). Calculate g(d).
4
Let b(r) = -r - 7. Let d(z) = z + 6. Let l be d(-3). Suppose 0 = -5*c + f + 4*f - 20, -l*c - 4 = -f. Calculate b(c).
-7
Let f(p) = 1. Let n(a) = 2*a - 3. Let u = -3 - -1. Let i(s) = u*f(s) + n(s). Let x be (4/2)/(2/5). Give i(x).
5
Let b(a) = -a - 1. Let r(m) = 5*m**2 - 10*m + 2. Let i(p) = -2*p**2 + 3*p - 1. Let w(s) = 8*i(s) + 3*r(s). Let o be w(-5). Determine b(o).
-4
Let l = -4 - -6. Let p(h) = 3*h**2 - 87*h + 3 - h**2 + 83*h. Let y be p(l). Let t(o) = -o**3 + 3*o**2 - 1. Give t(y).
-1
Let a(r) be the second derivative of r**8/6720 - r**7/840 - r**6/180 + r**5/20 + r**4/12 + 3*r. Let p(o) be the third derivative of a(o). What is p(4)?
6
Suppose 135*z - 137*z + 4 = 0. Let n(r) = 12*r - 1. Give n(z).
23
Let u(s) = s**2 - s + 6. Suppose 2*c - 2*c - 5*c = 0. Give u(c).
6
Let l(i) = -16*i**2 + 2*i + 1. Suppose 5 - 3 = -2*s. What is l(s)?
-17
Suppose -4 + 1 = -n. Suppose 9 = -n*a + 3*l, -3*l - 26 = 5*a - a. Let x(g) = -g**2 - 8*g - 7. Calculate x(a).
8
Let j(g) = -g**3 - 7*g**2 - 7*g - 1. Suppose 75 - 21 = -9*k. Determine j(k).
5
Let i be ((-9)/6)/((-3)/8). Suppose -23 = -i*k + 1. Let h be 32/k - 4/12. Let m(u) = -u**2 + 4*u + 2. Give m(h).
-3
Suppose 2*t = -4*t - 2*t. Let f(w) = w**2 + w - 1. What is f(t)?
-1
Let h = -20 - -25. Let y(b) = h*b + 2*b**2 + b**2 + 2 + 0 + 2*b**3 - 3*b. What is y(-2)?
-6
Let y(m) = 2*m**2 + 3*m + 1. Let w be y(-2). Let x(f) = 7*f - 3*f + f**w - 2 + f - 5*f**2 - 2. Suppose 0 = 2*l - 4 - 4. Give x(l).
0
Let k(f) = 7*f**3 + 6*f**2 + 3*f + 3. Let j be (-63)/12 + (-1)/(-4). Let p(c) = -11*c**3 - 9*c**2 - 5*c - 4. Let s(d) = j*p(d) - 8*k(d). What is s(-4)?
8
Let l(k) be the first derivative of 7*k + 5/2*k**2 + 1 + 1/4*k**4 - 2*k**3. Give l(5).
7
Let d(r) = -r - 1. Let l(h) = -10*h - 3. Let i(w) = 21*w + 5. Let f(q) = 2*i(q) + 5*l(q). Let v(z) = 5*d(z) - f(z). Let p = -2 - -1. Give v(p).
-3
Suppose 0 = -5*s + 3*s + 8. Let y(a) = a - 5. Let c be y(s). Let d = c - -3. Let v(f) = f - 4. Calculate v(d).
-2
Let o(r) be the second derivative of 2*r**3/3 + 3*r**2/2 - 3*r. Give o(-2).
-5
Let z(g) = 3*g - 6. Let p(w) = 8*w - 17. Let j(d) = 4*p(d) - 11*z(d). Calculate j(2).
-4
Let w(z) = -z**2 + z - 3. Let u be (2/2)/1*3. Suppose -2*r + u*d = 2*r, 5*r - 11 = d. What is w(r)?
-9
Let x(o) be the second derivative of o**4/12 + o**3/2 + o**2/2 - 3*o. Let i(p) = p**2 - 2*p - 1. Let a be i(4). Suppose -5 = 4*l + a. Give x(l).
1
Let j(t) be the first derivative of -t**3/3 - 5*t**2 + t - 8. Determine j(-8).
17
Let f be (-3)/18 - (-19)/6. Suppose 0 + 6 = f*h. Let y(k) = -4*k - 4. Let v(m) = -9*m - 9. Let r(o) = 2*v(o) - 5*y(o). Determine r(h).
6
Let q = -4 - -1. Let u(i) = -i - 14. Let h(d) = -2. Let x(t) = -5*h(t) + u(t). What is x(q)?
-1
Let s(m) be the first derivative of -m**2 + m + 10. What is s(2)?
-3
Let q(f) = f**3 - 12*f**2 + f - 12. Let d be q(12). Let v(k) be the third derivative of 0*k - 1/60*k**5 - 1/2*k**3 + 1/8*k**4 - k**2 + d. What is v(3)?
-3
Let n(l) be the third derivative of -l**6/120 + l**5/30 + l**4/6 - 3*l**2. Suppose -4*a + 8*a = 0. Let y = a + 3. Give n(y).
3
Let x(c) = -c - 3. Suppose -2*y = -4*p + y + 21, -2*y - 12 = -2*p. Suppose -2*n - 4*j + p*j - 2 = 0, -4*n = -5*j + 32. Determine x(n).
0
Let g(w) = 2*w**2 - 6*w + 1. Suppose -d + 4 = v, 0*v - 12 = -3*d + 4*v. Give g(d).
9
Let s = 60 + -60. Let f(t) = t**3 - t - 2. Give f(s).
-2
Let y(g) = g**3 + 7*g**2 + 3*g - 4. Suppose 18 = -4*u + 2*a, -6*u + 4*a = -4*u. Give y(u).
14
Let t(p) be the first derivative of 2*p**3/3 - p - 1. Calculate t(1).
1
Let l(u) = 2*u - 2. Let s = 12 + -6. What is l(s)?
10
Let w(d) be the first derivative of 0*d**2 + 0*d + 2 + 11/4*d**4 + 0*d**3. What is w(1)?
11
Let i(w) = -w**2 - w + 12. Suppose 4*f - 10 = -f. Suppose -4 = f*m - 4*m. Suppose -5*y + m*y = 0. Give i(y).
12
Let h(c) be the first derivative of c**3/3 - 7*c**2/2 + 5*c - 24. Determine h(5).
-5
Suppose -5*z = -5*d - 5, -d - 2*z = 3*d + 10. Let p(l) = -1 + 7*l**2 - l - 16*l**2 + 10*l**2. Calculate p(d).
5
Let r(z) = -z**3 + z + 1. Let p(n) = 2*n**3 + 3*n**2 - 8. Let v(d) = -p(d) - 3*r(d). Calculate v(4).
9
Let o(p) = p**3 + 5*p**2 + 3*p - 2. Suppose -d - 13 = -10. Give o(d).
7
Let h(o) = -2*o**2 - o - 4. Let u(l) = -3*l**2 - 2*l - 5. Let v(f) = -5*h(f) + 4*u(f). Determine v(-2).
-2
Let p(n) = -n**3 - n - 2. Let x be p(2). Let t be 4/x*(-1 - 2). Let i(b) be the first derivative of -5*b**4/4 - b**3/3 - b**2/2 + b - 2. Calculate i(t).
-6
Let f(j) be the first derivative of -j**3 + 1/4*j**4 + 3 - 2*j - j**2. Give f(3).
-8
Let r(j) = 2*j - 4. Suppose o - 9 = -2*o. Suppose o*i + 8 = i. What is r(i)?
-12
Let a(s) = -20*s**3 + 10*s**2 + 15*s - 26. Let h(r) = -4*r**3 + 2*r**2 + 3*r - 5. Let q(x) = 2*a(x) - 11*h(x). What is q(2)?
21
Let n(a) be the third derivative of a**6/120 - a**5/20 - a**4/6 + 5*a**3/6 + a**2. Let k be (-300)/(-70) + (-4)/14 + 0. Give n(k).
5
Suppose 0 = 18*f - 19*f - 3. Let j(l) = l + 3. What is j(f)?
0
Let s = 1 + 1. Let t(j) = -j**s + j - 2*j + 3*j**2 - j**2 + j**3. What is t(1)?
1
Let u(h) = 1 - 4*h - 3 + 4*h + h. Give u(4).
2
Let l be 0 + (2 - -1)*-1. Let j = l + 3. Let u(r) = 2 - 4*r**2 - 1 + r + 3*r**2. What is u(j)?
1
Suppose 6 + 7 = 13*z. Let b(h) = 16*h - 1. Calculate b(z).
15
Let s(c) = 2*c + 9. Let h be 99/(-15) + 3/5. Calculate s(h).
-3
Let n(l) = -4*l**3 - 3*l**2 - 3*l - 4. Let b(o) = 3*o**3 + 3*o**2 + 2*o + 4. Let c(f) = 3*b(f) + 2*n(f). Let q be ((-9)/(-12))/((-1)/4). What is c(q)?
4
Let n(x) = x**2 - 3*x - 1. Let r(h) = h - 3. Let b be r(5). Suppose 12 = b*d + 4. What is n(d)?
3
Let c(k) = -k**2 - 3*k + 3. Let o(b) = b**2 + 4*b - 2. Let p(g) = -3*c(g) - 2*o(g). Determine p(-4).
7
Let s(z) = z**2 - 6*z + 7. Suppose -5*t + 6*t = 5. Calculate s(t).
2
Suppose -4*w + 9*w = 0. Let b = -1 + w. Let t(o) = -6*o**2 - 5*o - 4. Let c(z) = -7*z**2 - 4*z - 3. Let a(y) = 4*c(y) - 3*t(y). Give a(b).
-9
Let p = 4 + 4. Let j(a) = -a + 13. What is j(p)?
5
Suppose 3*k = g - 4*g - 36, 0 = 4*k - 5*g + 3. Let d be k + (-9)/(-3) + 2. Let l = 6 + d. Let h(s) = s**2 - 6*s + 4. Give h(l).
-4
Let g(d) = 11*d**2 - 2*d + 7. Let z(u) = -5*u**2 + u - 3. Let a(i) = 2*g(i) + 5*z(i). Calculate a(1).
-3
Let v(r) = 4*r. Let z(f) = f**2 + 4*f + 2. Let d be z(-4). Suppose -t + 2*n + 2 = -d*t, -3*n - 10 = 5*t. Give v(t).
-8
Let l(y) = y - 4. Let r be ((-24)/18)/(2/6). Let u = r + 7. Suppose 0 = 2*i + u*i - 15. What is l(i)?
-1
Let s(q) be the first derivative of q**2/2 - 6*q - 10. What is s(9)?
3
Let j(q) be the first derivative of -q**3/3 - q**2/2 - 8*q + 3. Calculate j(0).
-8
Let k(q) = 0*q - 7 - 2*q + 0*q. Let l(t) = -t - 2. Let a(p) = -3*k(p) + 8*l(p). Calculate a(4).
-3
Let j(y) = y**3 - 5*y**2 + 5*y**2 + 2*y + 5 + 4*y**2. Suppose -2*r + 4*f = -3*r - 4, 16 = -4*r + 3*f. Give j(r).
-3
Let d(h) = -18 - 5*h**2 + h + 19 + 4*h**2 + 0*h**2. Let t(u) = u**2 + 4*u. Let b(p) = -2*d(p) + t(p). Calculate b(-2).
6
Let g(f) = 0*f + 11 - 2*f + f. Calculate g(6).
5
Let r(f) be the third derivative of f**5/60 - f**4/12 - f**3/6 + 19*f**2. What is r(-2)?
7
Let x(f) = f**2 + 9*f + 9. Let p be (-14 + 7)/(-1)*(-2 - -1). Give x(p).
-5
Let k(a) = -a**3 + 3*a**2 - a - 2. Let o(q) = -2*q + 1. Let f be o(-7). Suppose -c = 4*c - f. Calculate k(c).
-5
Let a(g) = g**3 + g + 1. Let s(w) = -6*w**3 - 6*w**2 - 9*w - 10. Let l = 17 + -12. Let n(f) = l*a(f) + s(f). What is n(-5)?
-10
Let c(f) be the first derivative of -f**4/2 + 4*f**3/3 - 3*f**2/2 + f + 1. Give c(2).
-5
Suppose -9*l = -4*l - 25. Let v(o) be the se